3. Let u be 2/(1 + 21/n). Let h = u + 23. What are the prime factors of h?
11
List the prime factors of 13*1*(-24)/(-12).
2, 13
Let r = -5 + 17. Suppose r = 2*f - 70. List the prime factors of f.
41
Suppose 2*g - 28 = 5*k, 23 + 1 = 5*g - k. List the prime factors of -4 + g/(-4) + 52.
47
Let j(r) = -r**3 - 6*r**2 - 5*r + 5. Let y be j(-6). Suppose -5*h + y = 10. Suppose 0 = -h*i + 2*i + 12. List the prime factors of i.
2
Suppose -14 = -2*f - 0*f - x, 3*f - 24 = -3*x. Let l = -8 + 12. Let z = f + l. What are the prime factors of z?
2, 5
Suppose y = -3*o + 16, y - 5*o = -0*y - 24. List the prime factors of 3 + 11/1 + y.
3, 5
Suppose -4*k + 12 + 9 = -3*t, -5*k + 31 = t. Let j(b) = b**3 - 5*b**2 - 4*b - 6. What are the prime factors of j(k)?
2, 3
Let z(p) be the first derivative of p**5/120 + p**4/8 + p**3 + 2. Let d(w) be the third derivative of z(w). What are the prime factors of d(5)?
2
Let p = -5 - -8. Let r = p + 1. What are the prime factors of r?
2
Suppose n - 2*n - 2 = 0, -c = 2*n - 6. List the prime factors of c.
2, 5
What are the prime factors of (-8)/(-10) + -1 - 12474/(-70)?
2, 89
Let t(j) be the first derivative of j**3/3 + 9*j**2/2 + 9*j + 1. Let b be t(-7). List the prime factors of b/(-5) + 3 + -1.
3
Let l(o) = -o**3 + 2*o**2 + 2*o + 3. Let p be l(3). Suppose p = c - 46 + 2. Suppose 2*q + 14 = 4*b, 0*q + 4*q - c = -4*b. List the prime factors of b.
2, 3
Let k(r) = -r**3 - 7*r**2 + 9*r + 8. Let s = -5 - 3. Let d be k(s). What are the prime factors of 10 + d - 0/1?
2, 5
Suppose 0 = -9*t + 7*t + 58. What are the prime factors of t?
29
Let m = 104 + 48. List the prime factors of m.
2, 19
Let g(p) = p**3 + 4*p**2 - 7*p + 1. What are the prime factors of g(-5)?
11
Let n(r) = -10*r**2 - r. Let c be n(-1). What are the prime factors of 2/(-9) - 128/c?
2, 7
List the prime factors of (-258)/(-3)*(5/2)/5.
43
Let q be 10/55 - (-106)/22. What are the prime factors of 2/q + 133/5?
3
Let o = -28 - -57. What are the prime factors of o?
29
Suppose 5*a - 147 = -4*i, -5*a + 2*i + 163 = -2*i. List the prime factors of a.
31
Let o(f) = -f + 1. Let h(g) = 8*g - 2. Let b(z) = -h(z) - 4*o(z). What are the prime factors of b(-1)?
2
Let a be -4 - 1 - (3 - 5). Suppose 0 = 4*o - 5*k - 21, -4*k + 2*k = -4*o + 6. Let h = o - a. What are the prime factors of h?
2
Let p be -1*(-7 - 3)/2. Suppose -p*z - 105 = -8*z. What are the prime factors of z?
5, 7
Let h be -1 + 0 + -1 + 6. Suppose 10 = h*l - 22. Suppose -q = 2*s - 7, -3*s + 0*q - 2*q = -l. List the prime factors of s.
2, 3
Let s = -152 - -257. What are the prime factors of s?
3, 5, 7
Let p be ((-6)/4 + 2)*16. Suppose 3*m = 4 + p. Suppose 60 = m*i + i. List the prime factors of i.
2, 3
Let g be 1 - (-16 + (-2)/(-2)). What are the prime factors of (6/(-3) - 0) + g?
2, 7
Suppose 2*k + 3 + 9 = 0. Let q be 22/k - (-8)/12. What are the prime factors of 1 + ((-3)/q - -3)?
5
Let s(l) = 0*l + 4*l**2 - 2 + 1 + l. Let o = 2 - 1. What are the prime factors of s(o)?
2
Let q(l) = l**3 + 9*l**2 + 6*l. Let a be q(-8). Let x = 46 - a. What are the prime factors of x?
2, 3, 5
Let u(i) = -4*i + 3*i**2 - 15 - 2*i**2 + 16. List the prime factors of u(8).
3, 11
Let x(p) = -3*p + 16. List the prime factors of x(-7).
37
Let r(g) = g**2 + 2*g + 2. Suppose -5*h - 13 = 3*t, -1 = -h - t + 4*t. Let k be r(h). Suppose 3*y - 35 = -k*q, 2*q + 1 - 46 = -5*y. List the prime factors of q.
2, 5
Let n = 30 + 4. Let j = 51 - n. What are the prime factors of j?
17
Let k(w) = 13*w**2 - 11*w + 27. List the prime factors of k(6).
3, 11, 13
Suppose -10 - 6 = 2*p. Let u(h) = -h**2 + 4*h - 11*h - 2*h. What are the prime factors of u(p)?
2
Suppose -4*v - 78 = -7*v. What are the prime factors of v?
2, 13
Suppose -5*m - 17 = -4*x, 2*x - 2*m - 3*m = 11. Suppose 0*j = j - x. Suppose -11 = -2*i + q, -j*q = -0*q + 9. List the prime factors of i.
2
Let h(f) = -3*f + 3. Let v be h(-5). Suppose v = -5*u - 2*z + 58, 3*z = -4*u + 32. What are the prime factors of 99/12 + (-2)/u?
2
Suppose -4*u + 116 = 4*m, -4*u = -u + 4*m - 92. Suppose 0*i = 3*i - u. What are the prime factors of i?
2
Let f be (-5 - -6) + -4 + 1. Let a(y) = -4*y**3 + 2*y**2 + 4*y + 2. List the prime factors of a(f).
2, 17
Let i(n) = -n + 9. Let j be i(5). Suppose -j*a = -0*a + 8. Let u = 4 - a. List the prime factors of u.
2, 3
Let r(k) = k**3 + 5*k**2 - 6*k. Let a be r(-6). Let l = a - -2. Suppose -l*f = -3*f + 12. What are the prime factors of f?
2, 3
Let r = 4 + 0. Suppose -5*z - 29 = -r*v, 9*z - 1 = -v + 4*z. What are the prime factors of v?
2, 3
Let x(r) = -r**3 - 5*r**2 + 4*r + 3. Let m be x(-6). Suppose 0*p + 5*p = m. What are the prime factors of p?
3
Let v(j) = -j + 1. Let g be v(3). Let x = g + 2. Suppose -2*z + 10 = x, -z = -2*u - 12 + 41. What are the prime factors of u?
17
Suppose 0*m - 150 = -3*y + 3*m, 0 = -5*y + m + 258. List the prime factors of y.
2, 13
Let v(i) = i**2. Let b be v(-1). Let q = b - -2. What are the prime factors of q?
3
Let d(v) = 2*v**3 - 1. Let m be d(1). List the prime factors of (0 - (m - 2))*7.
7
Let s = -5 - -6. Let m(k) = 31*k. What are the prime factors of m(s)?
31
Suppose r - 3 = 0, 2*d - 4*r = 7*d - 12. Let h(a) be the third derivative of a**4/24 + a**3/2 + 12*a**2. What are the prime factors of h(d)?
3
Let s = 45 + -29. Suppose 3*p + 4 = s. What are the prime factors of p?
2
Suppose -5*a = -2*a - 24. Suppose -4*v - 56 = -a*v. List the prime factors of v.
2, 7
Let r(d) = 2*d**2 - 11*d + 8. Let x = 2 + 5. List the prime factors of r(x).
29
Let c = -359 + 522. List the prime factors of c.
163
Let w be ((-2)/4)/(3/(-66)). Let o = 4 - w. Let h = o + 18. List the prime factors of h.
11
Let q be (-3)/6 - 2/(-4). List the prime factors of 15/10*(6 - q).
3
Let o be ((-2)/(-4))/(8/(-80)). Let d = -6 - o. Let i(z) = -5*z**3 + z + 1. List the prime factors of i(d).
5
Let d(k) = -k**3 + 5*k**2 + 6*k. Let v be d(6). Let a(b) = -1 - b + 0 + 6. List the prime factors of a(v).
5
Let g(p) = -3*p**2 + 16*p + 3. Let y(d) = -d**2 + 8*d + 1. Let n(j) = 2*g(j) - 5*y(j). What are the prime factors of n(-6)?
13
Let m(o) = 5*o**2 - 3*o - 4. Let l be m(4). Suppose 4*d = -3*b + l, 0 = -d - 2*d + 2*b + 31. List the prime factors of d.
13
Let a = -17 - -33. Suppose n = -0*n + 3. Suppose -2*s - n*w + 2*w = -a, -3*s = w - 24. List the prime factors of s.
2
Let y = 25 - 21. Suppose y*w - 196 = -0*w. What are the prime factors of w?
7
Let n be 3/(-5) - (-2)/(-5). What are the prime factors of 1 + -1 + (n - -4)?
3
Suppose -2*z - z + 12 = 0. Let w(q) = q - 1. List the prime factors of w(z).
3
Let l = -1 + 1. Suppose l = i - 21 - 2. What are the prime factors of i?
23
Let r(k) = k**2 + 7*k - 2. Let a(h) = -h**2 + 3*h + 1. Let p be a(5). List the prime factors of r(p).
2
Let c = -31 - -23. List the prime factors of (c - -5)*40/(-3).
2, 5
Suppose 7*z + 12 = 10*z. Suppose -z*n + u = -73, 0*n + 4*u = -n + 14. List the prime factors of n.
2, 3
Suppose 4*t - 5 - 19 = 0. Let j(w) = -w**2 + 7*w + 7. List the prime factors of j(t).
13
Let k(i) be the first derivative of -i**2/2 + 8*i + 1. Suppose 4*o = 6*o. List the prime factors of k(o).
2
Let t(y) = 10*y**2 - 2*y + 1. Let w be (2 - 1) + 0 - -2. Let o be t(w). Suppose 8*u + 2*l - 55 = 3*u, 5*u - 4*l = o. List the prime factors of u.
13
Let v = 7 + -3. Suppose -2*n + 22 = 4*o - 16, -v*n = -5*o + 67. What are the prime factors of o?
11
Let a(v) = v**3 - 3*v**2 - 8*v + 9. Let f(o) = -2*o**3 + 5*o**2 + 16*o - 19. Let p(y) = -5*a(y) - 2*f(y). What are the prime factors of p(6)?
5
Let g(f) be the first derivative of -1/2*f**2 + 1/3*f**3 - f - 2. What are the prime factors of g(4)?
11
What are the prime factors of -4 - (-8)/4*40?
2, 19
Let b(m) = 3*m + 1. Let c be b(5). Suppose 2*k + c = -0*k. Let y = k - -23. List the prime factors of y.
3, 5
Let c be ((-90)/25)/((-1)/10). Suppose m = -m + c. List the prime factors of m.
2, 3
Let d = 1 + 1. Suppose 3*h = 2*i - d, -2*h - 4*i = -0*h - 20. List the prime factors of h.
2
Suppose 138 = -h - h. Let d be h/(-2) + 2/4. Suppose -g = -3*x + 9, 5*x = -3*g - 2*g + d. List the prime factors of x.
2
Let k(s) = -s**3 + 3*s**2 + 7*s - 6. Let h be k(4). Suppose -h*d + 22 = -2. List the prime factors of d.
2
Let m = 2 + -1. Suppose 4*l + 3*n - 47 = 0, -l - 5*n = m - 17. List the prime factors of l.
11
Suppose -16 = 3*